{"id":1840,"date":"2013-06-17T11:24:23","date_gmt":"2013-06-17T11:24:23","guid":{"rendered":"http:\/\/milano-sanremo.org\/?page_id=1840"},"modified":"2025-10-20T13:41:33","modified_gmt":"2025-10-20T13:41:33","slug":"groupes-de-cyclistes","status":"publish","type":"page","link":"https:\/\/classicissima.it\/fr\/voyager\/groupes-de-cyclistes\/","title":{"rendered":"ORGANISATION DE GROUPE"},"content":{"rendered":"<p>[et_pb_section fb_built=\u00a0\u00bb1&Prime; admin_label=\u00a0\u00bbsection\u00a0\u00bb _builder_version=\u00a0\u00bb4.16&Prime; global_colors_info=\u00a0\u00bb{}\u00a0\u00bb][et_pb_row admin_label=\u00a0\u00bbrow\u00a0\u00bb _builder_version=\u00a0\u00bb4.16&Prime; background_size=\u00a0\u00bbinitial\u00a0\u00bb background_position=\u00a0\u00bbtop_left\u00a0\u00bb background_repeat=\u00a0\u00bbrepeat\u00a0\u00bb global_colors_info=\u00a0\u00bb{}\u00a0\u00bb][et_pb_column type=\u00a0\u00bb4_4&Prime; _builder_version=\u00a0\u00bb4.16&Prime; custom_padding=\u00a0\u00bb|||\u00a0\u00bb global_colors_info=\u00a0\u00bb{}\u00a0\u00bb custom_padding__hover=\u00a0\u00bb|||\u00a0\u00bb][et_pb_text admin_label=\u00a0\u00bbText\u00a0\u00bb _builder_version=\u00a0\u00bb4.27.4&Prime; background_size=\u00a0\u00bbinitial\u00a0\u00bb background_position=\u00a0\u00bbtop_left\u00a0\u00bb background_repeat=\u00a0\u00bbrepeat\u00a0\u00bb hover_enabled=\u00a0\u00bb0&Prime; global_colors_info=\u00a0\u00bb{}\u00a0\u00bb sticky_enabled=\u00a0\u00bb0&Prime;]<\/p>\n<div id=\"page\">\n<h2 align=\"LEFT\">Laissez-nous aider votre groupe de cyclistes \u00e0 organiser sa participation \u00e0 la Course Cycliste San Remo &#8211; San Remo \u00ab\u00a0la Classicissima\u00a0\u00bb.<\/h2>\n<p align=\"LEFT\">Notre bureau est \u00e0 votre service pour vous assister dans l&rsquo;inscription et l&rsquo;organisation de votre groupe.<\/p>\n<p data-start=\"479\" data-end=\"563\"><strong data-start=\"479\" data-end=\"561\">Avantages d\u2019organiser un groupe cycliste (minimum 15 participants) avec nous :<\/strong><\/p>\n<ul data-start=\"564\" data-end=\"888\">\n<li data-start=\"564\" data-end=\"633\">\n<p data-start=\"566\" data-end=\"633\"><strong data-start=\"566\" data-end=\"623\">Cat\u00e9gorie SILVER+ dans la premi\u00e8re grille de d\u00e9part :<\/strong> 50,00 \u20ac<\/p>\n<\/li>\n<li data-start=\"634\" data-end=\"711\">\n<p data-start=\"636\" data-end=\"711\"><strong data-start=\"636\" data-end=\"709\">1 inscription gratuite pour chaque tranche de 15 participants payants<\/strong><\/p>\n<\/li>\n<li data-start=\"712\" data-end=\"757\">\n<p data-start=\"714\" data-end=\"757\"><strong data-start=\"714\" data-end=\"755\">Inscriptions avant le 31 janvier 2026<\/strong><\/p>\n<\/li>\n<li data-start=\"758\" data-end=\"830\">\n<p data-start=\"760\" data-end=\"830\"><strong data-start=\"760\" data-end=\"787\">Proc\u00e9dure d\u2019inscription<\/strong> via le secr\u00e9tariat avec formulaire Excel<\/p>\n<\/li>\n<li data-start=\"831\" data-end=\"888\">\n<p data-start=\"833\" data-end=\"888\"><strong data-start=\"833\" data-end=\"845\">Paiement<\/strong> par carte de cr\u00e9dit ou virement bancaire<\/p>\n<\/li>\n<\/ul>\n<h2 align=\"LEFT\">\u00a0<\/h2>\n<p align=\"LEFT\">N&rsquo;h\u00e9sitez pas \u00e0 nous contacter pour toute question !<\/p>\n<p align=\"LEFT\">Organization technique:<br \/><strong>Nyala Wonder Travel dmc<\/strong><br \/>Via Solaro 134<br \/>18038 Sanremo Italy<br \/>T +39 0184 666 986<br \/>F +39 0184 696 672<\/p>\n<h2 class=\"western\" style=\"margin-top: 0cm; margin-bottom: 0cm; background-color: transparent; border: none; padding: 0cm; font-weight: normal;\" align=\"LEFT\">\u00a0<\/h2>\n<p>&nbsp;<\/p>\n<p>&nbsp;<\/p>\n<\/div>\n<p>[\/et_pb_text][\/et_pb_column][\/et_pb_row][\/et_pb_section]<\/p>\n","protected":false},"excerpt":{"rendered":"<p>Laissez-nous aider votre groupe de cyclistes \u00e0 organiser sa participation \u00e0 la Course Cycliste San Remo &#8211; San Remo \u00ab\u00a0la Classicissima\u00a0\u00bb. Notre bureau est \u00e0 votre service pour vous assister dans l&rsquo;inscription et l&rsquo;organisation de votre groupe. Avantages d\u2019organiser un groupe cycliste (minimum 15 participants) avec nous : Cat\u00e9gorie SILVER+ dans la premi\u00e8re grille de [&hellip;]<\/p>\n","protected":false},"author":1,"featured_media":0,"parent":1619,"menu_order":0,"comment_status":"open","ping_status":"closed","template":"","meta":{"_et_pb_use_builder":"on","_et_pb_old_content":"","_et_gb_content_width":"","footnotes":""},"class_list":["post-1840","page","type-page","status-publish","hentry"],"yoast_head":"<!-- This site is optimized with the Yoast SEO plugin v26.5 - https:\/\/yoast.com\/wordpress\/plugins\/seo\/ -->\n<title>ORGANISATION DE GROUPE - GRANFONDO SANREMO SANREMO 2026<\/title>\n<meta name=\"description\" content=\"Organisation de groupe de cycliste qui participent \u00e0 la Granfondo Sanremo - Sanremo &quot;la Classicissima&quot;. Tarifs speciaux et inscription rapide\" \/>\n<meta name=\"robots\" content=\"index, follow, max-snippet:-1, max-image-preview:large, max-video-preview:-1\" \/>\n<link rel=\"canonical\" href=\"https:\/\/classicissima.it\/fr\/voyager\/groupes-de-cyclistes\/\" \/>\n<meta property=\"og:locale\" content=\"fr_FR\" \/>\n<meta property=\"og:type\" content=\"article\" \/>\n<meta property=\"og:title\" content=\"ORGANISATION DE GROUPE - GRANFONDO SANREMO SANREMO 2026\" \/>\n<meta property=\"og:description\" content=\"Organisation de groupe de cycliste qui participent \u00e0 la Granfondo Sanremo - Sanremo &quot;la Classicissima&quot;. Tarifs speciaux et inscription rapide\" \/>\n<meta property=\"og:url\" content=\"https:\/\/classicissima.it\/fr\/voyager\/groupes-de-cyclistes\/\" \/>\n<meta property=\"og:site_name\" content=\"GRANFONDO SANREMO SANREMO 2026\" \/>\n<meta property=\"article:modified_time\" content=\"2025-10-20T13:41:33+00:00\" \/>\n<meta name=\"twitter:card\" content=\"summary_large_image\" \/>\n<meta name=\"twitter:label1\" content=\"Dur\u00e9e de lecture estim\u00e9e\" \/>\n\t<meta name=\"twitter:data1\" content=\"1 minute\" \/>\n<script type=\"application\/ld+json\" class=\"yoast-schema-graph\">{\"@context\":\"https:\/\/schema.org\",\"@graph\":[{\"@type\":\"WebPage\",\"@id\":\"https:\/\/classicissima.it\/fr\/voyager\/groupes-de-cyclistes\/\",\"url\":\"https:\/\/classicissima.it\/fr\/voyager\/groupes-de-cyclistes\/\",\"name\":\"ORGANISATION DE GROUPE - GRANFONDO SANREMO SANREMO 2026\",\"isPartOf\":{\"@id\":\"https:\/\/classicissima.it\/#website\"},\"datePublished\":\"2013-06-17T11:24:23+00:00\",\"dateModified\":\"2025-10-20T13:41:33+00:00\",\"description\":\"Organisation de groupe de cycliste qui participent \u00e0 la Granfondo Sanremo - Sanremo \\\"la Classicissima\\\". Tarifs speciaux et inscription rapide\",\"breadcrumb\":{\"@id\":\"https:\/\/classicissima.it\/fr\/voyager\/groupes-de-cyclistes\/#breadcrumb\"},\"inLanguage\":\"fr-FR\",\"potentialAction\":[{\"@type\":\"ReadAction\",\"target\":[\"https:\/\/classicissima.it\/fr\/voyager\/groupes-de-cyclistes\/\"]}]},{\"@type\":\"BreadcrumbList\",\"@id\":\"https:\/\/classicissima.it\/fr\/voyager\/groupes-de-cyclistes\/#breadcrumb\",\"itemListElement\":[{\"@type\":\"ListItem\",\"position\":1,\"name\":\"Home\",\"item\":\"https:\/\/classicissima.it\/fr\/\"},{\"@type\":\"ListItem\",\"position\":2,\"name\":\"3.VOYAGE\",\"item\":\"https:\/\/classicissima.it\/fr\/voyager\/\"},{\"@type\":\"ListItem\",\"position\":3,\"name\":\"ORGANISATION DE GROUPE\"}]},{\"@type\":\"WebSite\",\"@id\":\"https:\/\/classicissima.it\/#website\",\"url\":\"https:\/\/classicissima.it\/\",\"name\":\"GRANFONDO SANREMO SANREMO 2026\",\"description\":\"La Classicissima 22.03.2026\",\"potentialAction\":[{\"@type\":\"SearchAction\",\"target\":{\"@type\":\"EntryPoint\",\"urlTemplate\":\"https:\/\/classicissima.it\/?s={search_term_string}\"},\"query-input\":{\"@type\":\"PropertyValueSpecification\",\"valueRequired\":true,\"valueName\":\"search_term_string\"}}],\"inLanguage\":\"fr-FR\"}]}<\/script>\n<!-- \/ Yoast SEO plugin. -->","yoast_head_json":{"title":"ORGANISATION DE GROUPE - GRANFONDO SANREMO SANREMO 2026","description":"Organisation de groupe de cycliste qui participent \u00e0 la Granfondo Sanremo - Sanremo \"la Classicissima\". Tarifs speciaux et inscription rapide","robots":{"index":"index","follow":"follow","max-snippet":"max-snippet:-1","max-image-preview":"max-image-preview:large","max-video-preview":"max-video-preview:-1"},"canonical":"https:\/\/classicissima.it\/fr\/voyager\/groupes-de-cyclistes\/","og_locale":"fr_FR","og_type":"article","og_title":"ORGANISATION DE GROUPE - GRANFONDO SANREMO SANREMO 2026","og_description":"Organisation de groupe de cycliste qui participent \u00e0 la Granfondo Sanremo - Sanremo \"la Classicissima\". Tarifs speciaux et inscription rapide","og_url":"https:\/\/classicissima.it\/fr\/voyager\/groupes-de-cyclistes\/","og_site_name":"GRANFONDO SANREMO SANREMO 2026","article_modified_time":"2025-10-20T13:41:33+00:00","twitter_card":"summary_large_image","twitter_misc":{"Dur\u00e9e de lecture estim\u00e9e":"1 minute"},"schema":{"@context":"https:\/\/schema.org","@graph":[{"@type":"WebPage","@id":"https:\/\/classicissima.it\/fr\/voyager\/groupes-de-cyclistes\/","url":"https:\/\/classicissima.it\/fr\/voyager\/groupes-de-cyclistes\/","name":"ORGANISATION DE GROUPE - GRANFONDO SANREMO SANREMO 2026","isPartOf":{"@id":"https:\/\/classicissima.it\/#website"},"datePublished":"2013-06-17T11:24:23+00:00","dateModified":"2025-10-20T13:41:33+00:00","description":"Organisation de groupe de cycliste qui participent \u00e0 la Granfondo Sanremo - Sanremo \"la Classicissima\". Tarifs speciaux et inscription rapide","breadcrumb":{"@id":"https:\/\/classicissima.it\/fr\/voyager\/groupes-de-cyclistes\/#breadcrumb"},"inLanguage":"fr-FR","potentialAction":[{"@type":"ReadAction","target":["https:\/\/classicissima.it\/fr\/voyager\/groupes-de-cyclistes\/"]}]},{"@type":"BreadcrumbList","@id":"https:\/\/classicissima.it\/fr\/voyager\/groupes-de-cyclistes\/#breadcrumb","itemListElement":[{"@type":"ListItem","position":1,"name":"Home","item":"https:\/\/classicissima.it\/fr\/"},{"@type":"ListItem","position":2,"name":"3.VOYAGE","item":"https:\/\/classicissima.it\/fr\/voyager\/"},{"@type":"ListItem","position":3,"name":"ORGANISATION DE GROUPE"}]},{"@type":"WebSite","@id":"https:\/\/classicissima.it\/#website","url":"https:\/\/classicissima.it\/","name":"GRANFONDO SANREMO SANREMO 2026","description":"La Classicissima 22.03.2026","potentialAction":[{"@type":"SearchAction","target":{"@type":"EntryPoint","urlTemplate":"https:\/\/classicissima.it\/?s={search_term_string}"},"query-input":{"@type":"PropertyValueSpecification","valueRequired":true,"valueName":"search_term_string"}}],"inLanguage":"fr-FR"}]}},"_links":{"self":[{"href":"https:\/\/classicissima.it\/fr\/wp-json\/wp\/v2\/pages\/1840","targetHints":{"allow":["GET"]}}],"collection":[{"href":"https:\/\/classicissima.it\/fr\/wp-json\/wp\/v2\/pages"}],"about":[{"href":"https:\/\/classicissima.it\/fr\/wp-json\/wp\/v2\/types\/page"}],"author":[{"embeddable":true,"href":"https:\/\/classicissima.it\/fr\/wp-json\/wp\/v2\/users\/1"}],"replies":[{"embeddable":true,"href":"https:\/\/classicissima.it\/fr\/wp-json\/wp\/v2\/comments?post=1840"}],"version-history":[{"count":11,"href":"https:\/\/classicissima.it\/fr\/wp-json\/wp\/v2\/pages\/1840\/revisions"}],"predecessor-version":[{"id":13716,"href":"https:\/\/classicissima.it\/fr\/wp-json\/wp\/v2\/pages\/1840\/revisions\/13716"}],"up":[{"embeddable":true,"href":"https:\/\/classicissima.it\/fr\/wp-json\/wp\/v2\/pages\/1619"}],"wp:attachment":[{"href":"https:\/\/classicissima.it\/fr\/wp-json\/wp\/v2\/media?parent=1840"}],"curies":[{"name":"wp","href":"https:\/\/api.w.org\/{rel}","templated":true}]}}

<p>[et_pb_section fb_built= »1&Prime; admin_label= »section » _builder_version= »4.16&Prime; global_colors_info= »{} »][et_pb_row admin_label= »row » _builder_version= »4.16&Prime; background_size= »initial » background_position= »top_left » background_repeat= »repeat » global_colors_info= »{} »][et_pb_column type= »4_4&Prime; _builder_version= »4.16&Prime; custom_padding= »||| » global_colors_info= »{} » custom_padding__hover= »||| »][et_pb_text admin_label= »Text » _builder_version= »4.27.4&Prime; background_size= »initial » background_position= »top_left » background_repeat= »repeat » hover_enabled= »0&Prime; global_colors_info= »{} » sticky_enabled= »0&Prime;]</p>
<div id="page">
<h2 align="LEFT">Laissez-nous aider votre groupe de cyclistes à organiser sa participation à la Course Cycliste San Remo &#8211; San Remo « la Classicissima ».</h2>
<p align="LEFT">Notre bureau est à votre service pour vous assister dans l&rsquo;inscription et l&rsquo;organisation de votre groupe.</p>
<p data-start="479" data-end="563"><strong data-start="479" data-end="561">Avantages d’organiser un groupe cycliste (minimum 15 participants) avec nous :</strong></p>
<ul data-start="564" data-end="888">
<li data-start="564" data-end="633">
<p data-start="566" data-end="633"><strong data-start="566" data-end="623">Catégorie SILVER+ dans la première grille de départ :</strong> 50,00 €</p>
</li>
<li data-start="634" data-end="711">
<p data-start="636" data-end="711"><strong data-start="636" data-end="709">1 inscription gratuite pour chaque tranche de 15 participants payants</strong></p>
</li>
<li data-start="712" data-end="757">
<p data-start="714" data-end="757"><strong data-start="714" data-end="755">Inscriptions avant le 31 janvier 2026</strong></p>
</li>
<li data-start="758" data-end="830">
<p data-start="760" data-end="830"><strong data-start="760" data-end="787">Procédure d’inscription</strong> via le secrétariat avec formulaire Excel</p>
</li>
<li data-start="831" data-end="888">
<p data-start="833" data-end="888"><strong data-start="833" data-end="845">Paiement</strong> par carte de crédit ou virement bancaire</p>
</li>
</ul>
<h2 align="LEFT"> </h2>
<p align="LEFT">N&rsquo;hésitez pas à nous contacter pour toute question !</p>
<p align="LEFT">Organization technique:<br /><strong>Nyala Wonder Travel dmc</strong><br />Via Solaro 134<br />18038 Sanremo Italy<br />T +39 0184 666 986<br />F +39 0184 696 672</p>
<h2 class="western" style="margin-top: 0cm; margin-bottom: 0cm; background-color: transparent; border: none; padding: 0cm; font-weight: normal;" align="LEFT"> </h2>
<p>&nbsp;</p>
<p>&nbsp;</p>
</div>
<p>[/et_pb_text][/et_pb_column][/et_pb_row][/et_pb_section]</p>

<p>Laissez-nous aider votre groupe de cyclistes à organiser sa participation à la Course Cycliste San Remo &#8211; San Remo « la Classicissima ». Notre bureau est à votre service pour vous assister dans l&rsquo;inscription et l&rsquo;organisation de votre groupe. Avantages d’organiser un groupe cycliste (minimum 15 participants) avec nous : Catégorie SILVER+ dans la première grille de [&hellip;]</p>

<!-- This site is optimized with the Yoast SEO plugin v26.5 - https://yoast.com/wordpress/plugins/seo/ -->
<title>ORGANISATION DE GROUPE - GRANFONDO SANREMO SANREMO 2026</title>
<meta name="description" content="Organisation de groupe de cycliste qui participent à la Granfondo Sanremo - Sanremo &quot;la Classicissima&quot;. Tarifs speciaux et inscription rapide" />
<meta name="robots" content="index, follow, max-snippet:-1, max-image-preview:large, max-video-preview:-1" />
<link rel="canonical" href="https://classicissima.it/fr/voyager/groupes-de-cyclistes/" />
<meta property="og:locale" content="fr_FR" />
<meta property="og:type" content="article" />
<meta property="og:title" content="ORGANISATION DE GROUPE - GRANFONDO SANREMO SANREMO 2026" />
<meta property="og:description" content="Organisation de groupe de cycliste qui participent à la Granfondo Sanremo - Sanremo &quot;la Classicissima&quot;. Tarifs speciaux et inscription rapide" />
<meta property="og:url" content="https://classicissima.it/fr/voyager/groupes-de-cyclistes/" />
<meta property="og:site_name" content="GRANFONDO SANREMO SANREMO 2026" />
<meta property="article:modified_time" content="2025-10-20T13:41:33+00:00" />
<meta name="twitter:card" content="summary_large_image" />
<meta name="twitter:label1" content="Durée de lecture estimée" />
	<meta name="twitter:data1" content="1 minute" />
<script type="application/ld+json" class="yoast-schema-graph">{"@context":"https://schema.org","@graph":[{"@type":"WebPage","@id":"https://classicissima.it/fr/voyager/groupes-de-cyclistes/","url":"https://classicissima.it/fr/voyager/groupes-de-cyclistes/","name":"ORGANISATION DE GROUPE - GRANFONDO SANREMO SANREMO 2026","isPartOf":{"@id":"https://classicissima.it/#website"},"datePublished":"2013-06-17T11:24:23+00:00","dateModified":"2025-10-20T13:41:33+00:00","description":"Organisation de groupe de cycliste qui participent à la Granfondo Sanremo - Sanremo \"la Classicissima\". Tarifs speciaux et inscription rapide","breadcrumb":{"@id":"https://classicissima.it/fr/voyager/groupes-de-cyclistes/#breadcrumb"},"inLanguage":"fr-FR","potentialAction":[{"@type":"ReadAction","target":["https://classicissima.it/fr/voyager/groupes-de-cyclistes/"]}]},{"@type":"BreadcrumbList","@id":"https://classicissima.it/fr/voyager/groupes-de-cyclistes/#breadcrumb","itemListElement":[{"@type":"ListItem","position":1,"name":"Home","item":"https://classicissima.it/fr/"},{"@type":"ListItem","position":2,"name":"3.VOYAGE","item":"https://classicissima.it/fr/voyager/"},{"@type":"ListItem","position":3,"name":"ORGANISATION DE GROUPE"}]},{"@type":"WebSite","@id":"https://classicissima.it/#website","url":"https://classicissima.it/","name":"GRANFONDO SANREMO SANREMO 2026","description":"La Classicissima 22.03.2026","potentialAction":[{"@type":"SearchAction","target":{"@type":"EntryPoint","urlTemplate":"https://classicissima.it/?s={search_term_string}"},"query-input":{"@type":"PropertyValueSpecification","valueRequired":true,"valueName":"search_term_string"}}],"inLanguage":"fr-FR"}]}</script>
<!-- / Yoast SEO plugin. -->

Organisation de groupe de cycliste qui participent à la Granfondo Sanremo - Sanremo "la Classicissima". Tarifs speciaux et inscription rapide
